{"id":39,"date":"2023-01-06T19:16:34","date_gmt":"2023-01-06T22:16:34","guid":{"rendered":"https:\/\/vcarlino.com.ar\/?page_id=39"},"modified":"2023-01-06T19:16:34","modified_gmt":"2023-01-06T22:16:34","slug":"personas","status":"publish","type":"page","link":"https:\/\/vcarlino.com.ar\/?page_id=39","title":{"rendered":"Personas"},"content":{"rendered":"\n<p>Le damos a su vida un cuidado especial, buscamos la mejor soluci\u00f3n en base a sus necesidades.<\/p>\n\n\n\n<h4 class=\"wp-block-heading\">AUTO<\/h4>\n\n\n\n<div class=\"wp-block-cover is-light\"><span aria-hidden=\"true\" class=\"wp-block-cover__background has-background-dim\"><\/span><img loading=\"lazy\" decoding=\"async\" width=\"300\" height=\"300\" class=\"wp-block-cover__image-background wp-image-40\" alt=\"\" src=\"https:\/\/vcarlino.com.ar\/wp-content\/uploads\/2023\/01\/Untitled-design3.png\" data-object-fit=\"cover\" srcset=\"https:\/\/vcarlino.com.ar\/wp-content\/uploads\/2023\/01\/Untitled-design3.png 300w, https:\/\/vcarlino.com.ar\/wp-content\/uploads\/2023\/01\/Untitled-design3-150x150.png 150w\" sizes=\"auto, (max-width: 300px) 100vw, 300px\" \/><div class=\"wp-block-cover__inner-container is-layout-flow wp-block-cover-is-layout-flow\">\n<p class=\"has-text-align-center has-large-font-size\"><\/p>\n<\/div><\/div>\n\n\n\n<p>Todas nuestras coberturas incluyen granizo e inundaci\u00f3n.<br>Da\u00f1os parciales a consecuencia de robo y posterior hallazgo del veh\u00edculo sin franquicia. Cristales, Parabrisas, Lunetas y Cerraduras.<\/p>\n\n\n\n<h4 class=\"wp-block-heading\">BICICLETA<\/h4>\n\n\n\n<div class=\"wp-block-cover is-light\"><span aria-hidden=\"true\" class=\"wp-block-cover__background has-background-dim\"><\/span><img loading=\"lazy\" decoding=\"async\" width=\"300\" height=\"300\" class=\"wp-block-cover__image-background wp-image-41\" alt=\"\" src=\"https:\/\/vcarlino.com.ar\/wp-content\/uploads\/2023\/01\/Untitled-design4.png\" data-object-fit=\"cover\" srcset=\"https:\/\/vcarlino.com.ar\/wp-content\/uploads\/2023\/01\/Untitled-design4.png 300w, https:\/\/vcarlino.com.ar\/wp-content\/uploads\/2023\/01\/Untitled-design4-150x150.png 150w\" sizes=\"auto, (max-width: 300px) 100vw, 300px\" \/><div class=\"wp-block-cover__inner-container is-layout-flow wp-block-cover-is-layout-flow\">\n<p class=\"has-text-align-center has-large-font-size\"><\/p>\n<\/div><\/div>\n\n\n\n<p>Tu bicicleta cuenta con tres alternativas como tu auto: Resp. Civil, Incendio, Robo.<br>Vos y tu bici est\u00e1n cubiertos en v\u00eda p\u00fablica.<\/p>\n\n\n\n<h4 class=\"wp-block-heading\">HOGAR<\/h4>\n\n\n\n<div class=\"wp-block-cover is-light\"><span aria-hidden=\"true\" class=\"wp-block-cover__background has-background-dim\"><\/span><img loading=\"lazy\" decoding=\"async\" width=\"300\" height=\"300\" class=\"wp-block-cover__image-background wp-image-42\" alt=\"\" src=\"https:\/\/vcarlino.com.ar\/wp-content\/uploads\/2023\/01\/Untitled-design5.png\" data-object-fit=\"cover\" srcset=\"https:\/\/vcarlino.com.ar\/wp-content\/uploads\/2023\/01\/Untitled-design5.png 300w, https:\/\/vcarlino.com.ar\/wp-content\/uploads\/2023\/01\/Untitled-design5-150x150.png 150w\" sizes=\"auto, (max-width: 300px) 100vw, 300px\" \/><div class=\"wp-block-cover__inner-container is-layout-flow wp-block-cover-is-layout-flow\">\n<p class=\"has-text-align-center has-large-font-size\"><\/p>\n<\/div><\/div>\n\n\n\n<p>Nuestros seguros del hogar le dan una cobertura muy amplia , donde resguarda sus bienes muebles e inmuebles, incluyendo granizo e inundaci\u00f3n. Protege tus&nbsp;<strong>electrodom\u00e9sticos<\/strong>,&nbsp;<strong>aparatos electr\u00f3nicos<\/strong>&nbsp;e incluso los&nbsp;<strong>alimentos en freezer<\/strong>&nbsp;en caso de cortes de luz.<\/p>\n\n\n\n<h4 class=\"wp-block-heading\">EQUIPOS PORTATILES<\/h4>\n\n\n\n<div class=\"wp-block-cover\"><span aria-hidden=\"true\" class=\"wp-block-cover__background has-background-dim\"><\/span><img loading=\"lazy\" decoding=\"async\" width=\"300\" height=\"300\" class=\"wp-block-cover__image-background wp-image-43\" alt=\"\" src=\"https:\/\/vcarlino.com.ar\/wp-content\/uploads\/2023\/01\/Untitled-design6.png\" data-object-fit=\"cover\" srcset=\"https:\/\/vcarlino.com.ar\/wp-content\/uploads\/2023\/01\/Untitled-design6.png 300w, https:\/\/vcarlino.com.ar\/wp-content\/uploads\/2023\/01\/Untitled-design6-150x150.png 150w\" sizes=\"auto, (max-width: 300px) 100vw, 300px\" \/><div class=\"wp-block-cover__inner-container is-layout-flow wp-block-cover-is-layout-flow\">\n<p class=\"has-text-align-center has-large-font-size\"><\/p>\n<\/div><\/div>\n\n\n\n<p>Protegemos tu smartphone, tablet, notebook u otro equipo portatil las 24hs, los 365 d\u00edas del a\u00f1o en todo el pa\u00eds.<\/p>\n","protected":false},"excerpt":{"rendered":"<p>Le damos a su vida un cuidado especial, buscamos la mejor soluci\u00f3n en base a sus necesidades. AUTO Todas nuestras coberturas incluyen granizo e inundaci\u00f3n.Da\u00f1os parciales a consecuencia de robo y posterior hallazgo del veh\u00edculo sin franquicia. Cristales, Parabrisas, Lunetas y Cerraduras. BICICLETA Tu bicicleta cuenta con tres alternativas como tu auto: Resp. Civil, Incendio, [&hellip;]<\/p>\n","protected":false},"author":1,"featured_media":0,"parent":0,"menu_order":0,"comment_status":"closed","ping_status":"closed","template":"","meta":{"footnotes":""},"class_list":["post-39","page","type-page","status-publish","hentry"],"_links":{"self":[{"href":"https:\/\/vcarlino.com.ar\/index.php?rest_route=\/wp\/v2\/pages\/39","targetHints":{"allow":["GET"]}}],"collection":[{"href":"https:\/\/vcarlino.com.ar\/index.php?rest_route=\/wp\/v2\/pages"}],"about":[{"href":"https:\/\/vcarlino.com.ar\/index.php?rest_route=\/wp\/v2\/types\/page"}],"author":[{"embeddable":true,"href":"https:\/\/vcarlino.com.ar\/index.php?rest_route=\/wp\/v2\/users\/1"}],"replies":[{"embeddable":true,"href":"https:\/\/vcarlino.com.ar\/index.php?rest_route=%2Fwp%2Fv2%2Fcomments&post=39"}],"version-history":[{"count":2,"href":"https:\/\/vcarlino.com.ar\/index.php?rest_route=\/wp\/v2\/pages\/39\/revisions"}],"predecessor-version":[{"id":45,"href":"https:\/\/vcarlino.com.ar\/index.php?rest_route=\/wp\/v2\/pages\/39\/revisions\/45"}],"wp:attachment":[{"href":"https:\/\/vcarlino.com.ar\/index.php?rest_route=%2Fwp%2Fv2%2Fmedia&parent=39"}],"curies":[{"name":"wp","href":"https:\/\/api.w.org\/{rel}","templated":true}]}}